be m(-20). Calculate z(x).
-10
Suppose 4*m = 70 - 34. Suppose m*v = v. Let o(d) = -d - 15. Give o(v).
-15
Let f(c) = 10*c + 8. Let h(q) = -14*q - 11. Let w(i) = 11*f(i) + 8*h(i). Calculate w(-9).
18
Let g(v) = -3*v - 2. Let r(m) = m**2 - 7*m + 6. Let u(h) = h**3 - 12*h**2 - h + 17. Let d be u(12). Let p be r(d). Give g(p).
10
Let r(x) = 9*x**2 + 0 + 4*x**3 + 12 - 2*x + 2*x**3 + 3*x - 5*x**3. What is r(-9)?
3
Let h(b) = b**3 + 8*b**2 + 18*b + 11. Let j be h(-5). Let q(n) = -n**2 - 6*n - 5. Determine q(j).
3
Let d(k) be the second derivative of k**3 + 3*k. Suppose 0*a - 3*a + 37 = -5*v, 0 = -2*v - 5*a + 10. Let l be v/10 + 3/2. Determine d(l).
6
Let v(w) = 0 - 1 - 7*w**2 - w**3 - w**2. Let t be 4/10 + (-40)/(-25). Let p be (30/(-30))/((t/16)/1). What is v(p)?
-1
Let y(z) = z**2 + 11*z + 12. Suppose -3*f + 2*t - 5 + 20 = 0, -4*t = -12. Suppose f*w + 81 = -2*w. What is y(w)?
-6
Let i = 132 - 94. Suppose 14 = 4*m + i. Let d(s) = -2*s + 4. What is d(m)?
16
Let t(a) = 2*a**2 - a + 5. Let k be -4 - (9 + -5) - -11. Determine t(k).
20
Let b(o) = -2*o**3 + 21*o**2 - 14*o. Let t(d) = d**3 - 10*d**2 + 7*d. Let q(y) = -3*b(y) - 7*t(y). Give q(6).
-6
Let c(o) = -4*o - 124*o**3 - 118*o**3 + 241*o**3 + 4*o - 4*o - 7*o**2. Give c(-6).
-12
Let h(b) = -b**2 - 3. Let t = -35 - -32. Let q(s) = -3*s. Let f be q(1). Let l = f - t. Give h(l).
-3
Suppose -41*f + 137 + 150 = 0. Let k(c) = c**3 - 6*c**2 - 9*c + 6. Determine k(f).
-8
Let p(j) be the third derivative of j**6/120 - j**5/6 - 13*j**4/24 + 4*j**3 - 200*j**2. Calculate p(11).
2
Let o be 35/3*30/25. Let t be (32/o + -2)*14. Let p(r) = 4*r**3 - r**2 - 2*r - 1. Let f(d) = 11*d**3 - 4*d**2 - 5*d - 3. Let y(l) = 3*f(l) - 8*p(l). Give y(t).
3
Let f(b) = -5 - 20*b + 6*b + 10*b. Let z(a) = -5*a - 4. Let s(j) = -3*f(j) + 4*z(j). Determine s(-1).
7
Let k(g) be the second derivative of -g**6/120 - g**4/24 + g**3/6 + 14*g. Let u(w) be the second derivative of k(w). Calculate u(1).
-4
Let b(x) be the third derivative of x**5/15 + x**4/8 - x**3/3 + 6*x**2. Let y be b(3). Let n(m) = y*m**2 + 0 - m**3 - 37*m**2 - 4. Give n(6).
-4
Let d(b) = 6*b**3 + 2*b**2 - 3*b + 1. Let h(j) = j**3 - j. Let u(m) = -d(m) + 5*h(m). Let q(p) = -p**3 - 9*p**2 - 9*p - 9. Let w be q(-8). Give u(w).
0
Let t(d) = d**3 + 4*d**2 - d + 6. Let f be 1 + 6 + (13 - 336/14). Determine t(f).
10
Let j(s) = -2*s - 1. Let x be 8/(-6) - (-352)/(-24). Let b = -13 - x. Suppose 0 = -2*v - 2*k, b*v = -k - 2 - 4. Determine j(v).
5
Let m = -24 - -29. Let y be 6/(-27) + (-60)/(-27) - m. Let q(z) = -z**3 + 5*z + 2. What is q(y)?
14
Let z be (-15)/12 - 3/(-12). Let c be (-14 + 8)*z/2. Let v(y) = -c + 5*y + 4*y - 3*y + 4*y**2 - 5*y**2. Determine v(4).
5
Let r be 7/(-84)*-134 + 2/(-12). Suppose r*q - 46 = 31. Let h(a) = -a**2 + 6*a - 4. Give h(q).
-11
Let m = 1546 - 1539. Let n(r) = 2*r + 11. Let x(z) = 3*z + 10. Let t(p) = -4*n(p) + 3*x(p). What is t(m)?
-7
Let p = 396 + -398. Let s(r) = -3*r**2 - 2*r - 4. Determine s(p).
-12
Let k(f) = f**2 - 5*f + 5. Let m(w) = -w**2 - 2. Let l be m(0). Let v(i) be the first derivative of -i**2 + i + 14. Let r be v(l). What is k(r)?
5
Let x(r) = -r**3 - 14*r**2 - 7*r + 22. Let n be x(-13). Let u = n + 62. Let w(z) be the third derivative of z**4/24 - 11*z**3/6 + z**2. Determine w(u).
-5
Let k be 385/231*(1 + (-2)/(-1)). Let w(l) = l**2 - 5*l - 1. Calculate w(k).
-1
Let c(i) = -5*i + 1. Let w(n) = n**3 - 11*n**2 + 29*n - 37. Let p be w(8). Calculate c(p).
-14
Let x(q) = -2*q - 16. Suppose -83*v = -397 + 1725. Give x(v).
16
Let s(m) = -m - 2. Suppose 6*l - 16 + 4 = 0. Determine s(l).
-4
Let c(b) = -5 - 2 + 1 + 7*b + b**2 + 4. Let w be 0*(-3)/(-3)*-1. Suppose -3*j - 5*h - 36 = w, -2*h - 16 = j + h. Calculate c(j).
-2
Let z be (-8 + (-108)/(-15))/((-8)/60). Let i(k) = k**2 - 3*k - 5. Calculate i(z).
13
Let p be (0/(-1))/(-1) + -5. Let x(k) be the first derivative of k**2/2 - 6*k + 2. Calculate x(p).
-11
Let o(j) = -j**3 - 7*j**2 - 3*j + 3. Suppose -4*v + 5*w + 4 - 6 = 0, 5*v + 5 = 5*w. What is o(v)?
-24
Let x(l) = -l**3 - 3*l**2 + 6*l. Let r = -631 + 627. Determine x(r).
-8
Suppose 0 = -1372*l + 1387*l + 75. Let n(a) = -a**3 - 5*a**2 - 2*a - 7. Give n(l).
3
Let c = 0 + 6. Let p = 6 - c. Let m be (-3 + 0)/3 + p. Let h(w) = -8*w**2 - w - 1. What is h(m)?
-8
Let g(m) = 28*m - 140. Let s be g(5). Let j(r) = -3*r - 15. Determine j(s).
-15
Let u(o) be the second derivative of -o**4/12 + o**3/2 - 7*o**2/2 - 29*o. Determine u(5).
-17
Let d be ((-18)/12)/(4*(-4)/(-32)). Suppose -2*k + 3*k = -2*o - 5, 4*o + 25 = 3*k. Let n(l) = -k*l**2 - 3*l**3 + 3*l + 2*l**3 + 3 + l**2. Determine n(d).
3
Let i(v) = -5 + 510*v - 1024*v + 3 + 513*v. Let g = -17 + 10. Give i(g).
5
Let v(t) = -t**2 + 9*t - 11. Let f = -275 + 281. Determine v(f).
7
Let o(p) be the third derivative of -p**4/24 - 5*p**3/6 - p**2. Suppose -32*v = 33*v + 650. Determine o(v).
5
Let z(f) be the first derivative of -f**3 + 0*f**2 + 22 - 2*f + 1/4*f**4. Let l = 4 + -1. Determine z(l).
-2
Let x(s) = -s**2 - 19*s - 34. Suppose -y = -3*u + 6*u + 20, 3*y = u - 50. Determine x(y).
0
Let k(c) = -5*c**3 + 5*c**2 - 4. Let g(t) = 6*t**3 - 5*t**2 - t + 5. Let d(v) = -4*g(v) - 5*k(v). Let x(a) = a**3 - 2*a - 1. Let y be x(2). Give d(y).
-6
Let d = -62 + 64. Let o(r) = 1 + d*r - 4 - 2*r - r. Suppose 5*i = 2*q - 7, -5*q + 5*i = 3 + 2. Give o(q).
1
Suppose m + 0*m = -23. Let g = 25 + m. Let o(a) = 2*a + 3*a - a**g + 2 + a. Determine o(5).
7
Let y(j) = 4*j - 5. Let z be 6/(-27) - (-304)/72. Determine y(z).
11
Let w(a) = -a**3 + 10*a**2 + 0*a**3 + 0*a**3. Let f be w(10). Let t(k) be the second derivative of -k**4/12 - k**3/6 + 5*k**2/2 + 4*k. Give t(f).
5
Suppose 3*r + 5 = 4*r. Let f(v) = -3 - 418*v + 422*v - 2. Let n(q) = 5*q - 6. Let y(d) = 3*f(d) - 2*n(d). Calculate y(r).
7
Let x(u) = -14*u**3 + 20*u**2 + 34*u - 30. Let m(p) = 5*p**3 - 7*p**2 - 12*p + 10. Let f(n) = 17*m(n) + 6*x(n). What is f(0)?
-10
Suppose -1 + 2 = -v + k, 4*k = v + 13. Suppose 0 = -m - 1 - v. Let r(w) = -w**3 - 4*w**2 + w + 2. Determine r(m).
-2
Let h(v) = -11*v**3 + 6*v**2 - 10*v - 6. Let k(r) = -61*r**3 + 31*r**2 - 51*r - 30. Let t(z) = -11*h(z) + 2*k(z). Give t(-5).
-9
Let n(a) = -2*a. Let t be -8*(3/(-6))/1. Suppose t*k = -6 + 34. Let h = k + -9. Give n(h).
4
Let t(q) = q**3 - 8*q**2 + 8*q + 4. Let p be t(6). Let r = p - -27. Suppose r = 3*a - v, a - 2*v = -3*a + 10. Let j(m) = 3*m**2 - 2*m - 2. Give j(a).
6
Suppose 1 + 26 = 9*h. Let j(b) be the first derivative of -7/2*b**2 + 6 - 1/3*b**h - 8*b. Give j(-6).
-2
Let n(o) = o**2 - 10. Let z = 27 - 11. Let y = 16 - z. Determine n(y).
-10
Let z(l) = -3 + 3 + 2 - l. Let v be z(7). Let s(i) = -2*i**2 - 6*i + 5. What is s(v)?
-15
Let g = 54 - 59. Let s be 1*g + (-3)/3. Let i(n) = 6*n**2 - 51*n - 5. Let m(a) = -a**2 + 10*a + 1. Let c(u) = -2*i(u) - 11*m(u). Determine c(s).
11
Let f = 9 - 11. Let r be 52/12 + f/(-3). Let v(b) = -b + 3. What is v(r)?
-2
Let p(f) = 7*f + 19. Let q be (-228)/38 + (-1 - -1). Determine p(q).
-23
Let l = -11 + -1. Let u be 16/l - 10/(-3). Suppose -u*c = -j + 8, 5 = 4*j + 2*c - c. Let f(d) = 3*d. Calculate f(j).
6
Let h(y) = y**2 - 10*y + 11. Let u(w) = -14*w**3 - 5*w**2 - 7*w - 7. Let o be u(-1). Determine h(o).
2
Let l(u) be the first derivative of -1/3*u**3 - 2 - 1/2*u**2 + 7*u. Let d(j) = -34*j + 170. Let c be d(5). Give l(c).
7
Let i(a) be the first derivative of -5*a**2/2 + 5*a + 133. What is i(3)?
-10
Let u(n) = -2*n + 20. Let b be u(7). Suppose -4*k - 4 = -4*o - 16, o + 9 = 4*k. Suppose -k*z - z = -b. Let q(l) = -2*l + 3. Calculate q(z).
-1
Let g(c) = -2*c**2 - 2 + 0 + 4*c + 12 + 1 + c**2. Determine g(6).
-1
Let n(u) = u**2 - 4*u - 2. Let g be n(5). Let s(o) be the third derivative of o**5/60 - o**4/12 + o**3/6 - 8*o**2. Determine s(g).
4
Let t(u) = u**3 + 5*u**2 - 7*u - 9. Let r(p) = 2*p**2 - 12*p + 10. Let b be r(4). Calculate t(b).
-3
Let b(j) be the second derivative of 1/3*j**3 - 16*j + 1/2*j**2 + 0. Determine b(-4).
-7
Let z(w) = w - 21. Let o = -1458 - -1480. Calculate z(o).
1
Let h(j) = -j**2 - 7*j + 1. Suppose 0 = -6*z + z + 165. Let s = 27 - z. What is h(s)?
7
Suppose s = f - 3*s + 48, 2*f + 129 = -3*s. Let z = f - -56. Let h(x) = -x**2 - 4*x. What is h(z)?
0
Let z(b) = -6*b**2 - 1. Let k be 6/8 + (75/(-4) - 3). Let m = k - -20. Calculate z(m).